 -266066 (base 8) in base 5?
-10440423
Convert -2808dc (base 14) to base 16.
-152122
What is 234ca3 (base 15) in base 2?
110011011110111000010
What is -4400230 (base 7) in base 3?
-1000022220211
Convert -1131032402 (base 5) to base 12.
-a52375
Convert 2426012 (base 7) to base 15.
61a15
-10021110122 (base 3) to base 13
-23480
Convert d8548 (base 14) to base 8.
1774244
-494774 (base 11) to base 9
-1422008
Convert -10a008 (base 11) to base 4.
-222210201
-30320312111 (base 4) to base 14
-63d393
Convert -2100030 (base 4) to base 15.
-2b03
What is -610b5 (base 15) in base 10?
-307295
1243210 (base 8) to base 7
2636656
1011001010002 (base 3) to base 2
10010101001010101001
Convert 10110100011111001111 (base 2) to base 4.
2310133033
Convert -40620536 (base 8) to base 7.
-133021455
3327387 (base 10) to base 6
155152323
What is 17032 (base 12) in base 6?
412102
What is -3121242 (base 5) in base 6?
-1034103
131222133 (base 6) to base 7
30653415
-271485 (base 16) to base 7
-30524634
What is -43045420 (base 6) in base 8?
-4650724
What is 35035263 (base 7) in base 2?
1011101101000000011111
Convert 54250103 (base 6) to base 14.
2dc1dd
-1237514 (base 8) to base 14
-8d472
What is -200051 (base 6) in base 16?
-3cdf
Convert 221462234 (base 7) to base 2.
110011000001110100001100
Convert 675883 (base 9) to base 12.
176179
Convert -10057424 (base 10) to base 15.
-d39e9e
-1245460 (base 9) to base 16
-a5f7e
-bae60 (base 15) to base 11
-3761a8
What is -1e703 (base 15) in base 11?
-687a2
Convert 110200121100211 (base 3) to base 10.
6743515
What is -63a57 (base 13) in base 11?
-113031
Convert -67247141 (base 8) to base 9.
-30255073
What is 31010033321 (base 4) in base 13?
92c0b7
1011000000010110011 (base 2) to base 13
c81b7
What is -11101100101001000 (base 2) in base 3?
-20011012102
What is 44319 (base 12) in base 2?
10110000011000101
What is 202361241 (base 7) in base 3?
211021000222110
-59806 (base 15) to base 12
-119136
Convert 220591 (base 10) to base 9.
365531
2672222 (base 8) to base 14
157842
What is 532963 (base 12) in base 4?
11000013123
4a90ad (base 14) to base 11
1499660
What is -12480b6 (base 16) in base 13?
-3c823a0
Convert 1050191 (base 11) to base 4.
13002123323
4238845 (base 9) to base 15
2ec92b
What is 311013000 (base 5) in base 7?
13523533
-1110001000101000111110 (base 2) to base 11
-2100a21
What is -2023222023 (base 5) in base 3?
-21202011122121
-1010111110010011011 (base 2) to base 16
-57c9b
-4ccc3 (base 14) to base 15
-3b07a
Convert -1101073 (base 8) to base 9.
-500284
-12110010231 (base 4) to base 9
-3102313
-1004e (base 16) to base 11
-4532a
100001011110001100111 (base 2) to base 6
35301451
1109 (base 14) to base 7
11412
What is 64121 (base 11) in base 2?
10110110010000010
What is 1e6e72 (base 15) in base 2?
101101100001010110000
What is -6ad401 (base 15) in base 7?
-61261006
Convert -7577413 (base 9) to base 8.
-17406612
2bd70 (base 16) to base 15
38313
What is -1d5352 (base 15) in base 6?
-50432035
121410323 (base 5) to base 12
239201
What is 24424 (base 5) in base 4?
131020
Convert 10100100001100101100 (base 2) to base 4.
2210030230
What is 64411 (base 9) in base 15?
c961
100110101011010001 (base 2) to base 15
31e12
-2544162 (base 7) to base 9
-553203
-210202022111 (base 3) to base 4
-1220201320
Convert 16662 (base 9) to base 12.
6785
6212030 (base 11) to base 2
101001110101111011100100
-32a374 (base 12) to base 7
-6564115
What is -1012010211221 (base 3) in base 7?
-5243332
48767 (base 11) to base 15
15ba7
What is -96b46b (base 12) in base 9?
-4432572
Convert -176334 (base 11) to base 3.
-111211000021
Convert -1bb62 (base 12) to base 5.
-2311102
What is 205203 (base 8) in base 6?
1243511
-132302220 (base 4) to base 7
-1033461
Convert 1883732 (base 10) to base 5.
440234412
23226c (base 14) to base 6
41353024
What is 211130033 (base 4) in base 11?
a5248
87441 (base 11) to base 6
2415502
Convert -3034432203 (base 5) to base 10.
-6170928
What is 2334b (base 15) in base 4?
123113321
What is 6267376 (base 10) in base 7?
104162143
120212012212000 (base 3) to base 2
100000001001110000101110
Convert -4303004421 (base 5) to base 12.
-3036931
What is 1237289 (base 12) in base 11?
201048a
-1451643 (base 7) to base 10
-197550
-3220418 (base 9) to base 15
-24158e
Convert ddd2b (base 14) to base 16.
83443
What is -122221101201 (base 3) in base 9?
-587351
What is 1000100111101011001110001 (base 2) in base 9?
37012345
What is 6ae80 (base 16) in base 10?
437888
Convert 1010010000110100111010 (base 2) to base 10.
2690362
What is -19a3aa (base 13) in base 11?
-405091
What is 68080a2 (base 11) in base 6?
1103400410
What is -43163 (base 8) in base 6?
-215255
Convert 212020022021211 (base 3) to base 6.
1120351204
1523442 (base 6) to base 8
255562
Convert -112101121211 (base 3) to base 5.
-33031211
What is 9b33a (base 12) in base 4?
302110132
What is 2ca05 (base 15) in base 7?
1136561
-107a007 (base 11) to base 5
-440343430
-63133 (base 11) to base 9
-150167
301434 (base 15) to base 14
435b21
-20089 (base 12) to base 4
-22021221
Convert -354316 (base 10) to base 4.
-1112200030
44301133 (base 5) to base 9
645440
-1ef93 (base 16) to base 11
-87354
What is 5c64 (base 14) in base 6?
202452
Convert -1276575 (base 11) to base 6.
-115131303
Convert 355800 (base 9) to base 16.
344e5
Convert -c5b43 (base 13) to base 8.
-1266457
-337177 (base 11) to base 14
-dd7a6
268c26 (base 13) to base 6
32002100
Convert -555534 (base 7) to base 8.
-277351
-694949 (base 13) to base 9
-4622658
478671 (base 9) to base 12
11ab61
Convert -6772b6 (base 15) to base 6.
-253434343
What is 104110431 (base 5) in base 6?
13443411
-560056 (base 8) to base 2
-101110000000101110
What is 6b882 (base 12) in base 6?
3033442
What is -32105104 (base 8) in base 13?
-155b53a
54300 (base 16) to base 9
575016
What is 900a4 (base 12) in base 9?
314147
-14a86c (base 13) to base 7
-4216550
What is 5a2b2 (base 15) in base 8?
1061404
What is 1383978 (base 10) in base 9?
2538413
43145 (base 12) to base 7
515336
-138511 (base 12) to base 3
-121112122011
-136807 (base 11) to base 8
-641657
What is -649e2 (base 16) in base 12?
-17a602
Convert -1104442 (base 5) to base 4.
-10232230
Convert d828 (base 15) to base 11.
31388
-3847771 (base 10) to base 4
-32223121123
Convert -319712 (base 15) to base 2.
-1001000000010110001101
What is 3101321313 (base 4) in base 10?
859767
-11313110212 (base 4) to base 16
-177526
What is 2c3b0 (base 16) in base 9?
305457
6a0c5 (base 13) to base 6
4051453
84266 (base 10) to base 13
2c480
Convert -287013 (base 9) to base 5.
-21110301
Convert -101102001020 (base 3) to base 13.
-72342
What is 1236403 (base 8) in base 3?
122102220210
Convert 156a21 (base 11) to base 16.
3b713
-ca3da4 (base 15) to base 14
-13ca28a
What is 807333 (base 13) in base 7?
34245222
-11500465 (base 7) to base 12
-41553a
23502588 (base 9) to base 11
6516173
Convert 721394 (base 12) to base 3.
10100201100011
Convert -1011101000001010001 (base 2) to base 5.
-44143014
Convert 102112212211 (base 3) to base 2.
110111100000100010
What is 414111051 (base 6) in base 16?
6dc6e7
What is -26237a (base 12) in base 3?
-1011210210111
-23444555 (base 6) to base 16
-b3fb7
-36147225 (base 8) to base 14
-10a13c9
10110110110001111010 (base 2) to base 15
ebc61
-2480562 (base 10) to base 7
-30040650
-1110101100111000001 (base 2) to base 9
-813724
Convert -100000100011011011011 (base 2) to base 7.
-12031646
-1101001010100101 (base 2) to base 9
-81866
590920 (base 13) to base 8
10042765
Convert -37036 (base 9) to base 11.
-17713
Convert -10b8413 (base 13) to base 16.
-4eb950
2111844 (base 11) to base 3
21000001110210
5211423 (base 6) to base 9
421556
-11647701 (base 8) to base 12
-a42b15
What is 314012240 (base 5) in base 14?
262937
Convert -222111210 (base 3) to base 6.
-225250
What is -4167174 (base 8) in base 7?
-12301032
-442624 (base 7) to base 11
-53525
Convert 10343333 (base 8) to base 13.
5c6727
Convert -2282017 (base 9) to base 6.
-42245154
What is 101000010101111000 (base 2) in base 15?
33e60
Convert -203321120 (base 4) to base 14.
-3b824
What is -11102001212220 (base 3) in base 4?
-20330023203
Convert -25033621 (base 7) to base 11.
-12a2944
Convert -110110010110111111011 (base 2) to base 13.
-4a49b9
What is -53a81 (base 14) in base 4